ime factors of u.
2, 13, 19
Let w(r) = -r**2 + 19*r - 43. Let b be w(16). Suppose 0 = -b*q + 7*q - 264. List the prime factors of q.
2, 3, 11
Let g(d) be the second derivative of -26*d**3/3 + 7*d**2/2 - 10*d. What are the prime factors of g(-3)?
163
Let c be -6 + 9 + -1*(-269 - 0). Suppose 21*y = 25*y - c. List the prime factors of y.
2, 17
Let d = -75 + 120. List the prime factors of (-3)/(-5) - (-1143)/d.
2, 13
Let k be 6/(-18)*(1 + 8). What are the prime factors of 195/20*(-120)/27*k?
2, 5, 13
Let x(r) = -r**2 + 14*r - 22. Let y be x(12). Suppose y*s - 388 = -k, -3*k = 2*s + 3*s - 972. What are the prime factors of s?
2, 3
Let l(k) = -3*k - 2. Let p be l(9). Let y = p - -60. Suppose -5*g + 25 = 5*s, g = -5*s - 2*g + y. What are the prime factors of s?
2
Suppose 0 = -6*v + 7*v. Suppose v = 8*j - j - 910. What are the prime factors of j?
2, 5, 13
Let y = 17 + -12. Suppose 6*i + y = i. List the prime factors of ((-15)/25)/(i/45).
3
Suppose t = 7 - 3. Suppose -t*j - j = -15. Suppose z - j + 1 = 0, h = 4*z + 1. What are the prime factors of h?
3
Let q(a) = a**3 - 4*a**2 - 2*a - 3. Suppose 18 = 4*d - 2. List the prime factors of q(d).
2, 3
Suppose -2*n = 4*k - 1098, 1597 = -0*n + 3*n - 4*k. What are the prime factors of n?
7, 11
Suppose -3*j = 5*f + 9 - 3, 3*f = 4*j + 8. Let b be j/5 + 408/20. Suppose 2 - b = -2*v. List the prime factors of v.
3
List the prime factors of (-24)/(-2)*-78*344/(-192).
3, 13, 43
Let h(r) = 27*r - 1. Let w = -5 - -8. Suppose -o - 4 = -w*o. List the prime factors of h(o).
53
List the prime factors of -5 + 11 - (-2 - 945) - 0.
953
Suppose 4*n + 13 = v + 202, -n + 4*v = -51. Let s = -5 + n. List the prime factors of s.
2, 3, 7
Let q(g) = 17 - 3 - 17 + 24*g. List the prime factors of q(2).
3, 5
Suppose -3*o + q = -2811, -3*q - 929 = -7*o + 6*o. List the prime factors of o.
2, 7, 67
Let m = 34 + -22. Suppose -30*r = -26*r - m. What are the prime factors of r?
3
Let b(w) = -2*w**3 - 5*w**2 - 7*w - 6. Suppose 0 = m - 7 + 11. Let x be b(m). Let j = x - 5. What are the prime factors of j?
5, 13
Let u be (-1*21)/((-4)/28). Suppose 2*t - 147 = -3*f, -5*f + 2*f + u = t. List the prime factors of f.
7
Suppose 12*z + 435 + 129 = 0. List the prime factors of (-3 - (z + 1)) + (-2)/(-2).
2, 11
Suppose 0*u + 3*u - 3*l - 1374 = 0, -2*u - 4*l = -940. What are the prime factors of u?
2, 3, 7, 11
Suppose 0*r + r = 15. Suppose -5*c + r = 4*h + h, 0 = 5*c + 3*h - 9. Suppose c = 5*d + 3*i, 2*i = 4*d - 2*i - 32. What are the prime factors of d?
3
Let m(v) = 3*v**3 + 2*v**2 + 2*v + 3. List the prime factors of m(3).
2, 3
Let p be ((-149 + 5)/(-1))/1. Let o = p - 118. What are the prime factors of o?
2, 13
Suppose 3*x + 597 = 2157. Suppose 10*o - 5*o - x = 0. What are the prime factors of o?
2, 13
Let c(p) = 3*p**2 + 4*p + 10. List the prime factors of c(-8).
2, 5, 17
Let a(c) = -c**3 - 9*c**2 - 4*c - 47. What are the prime factors of a(-14)?
23, 43
Let q(w) = w**2 + 10*w. Suppose 2*h + 3*h + 50 = 0. Let j be q(h). Suppose -124 = -4*m - j*m - 4*z, 5*z = -2*m + 62. What are the prime factors of m?
31
Suppose -37176 = 81*h - 105*h. What are the prime factors of h?
1549
Let v(f) = -6*f**3 + 8*f**2 - 15*f - 2. List the prime factors of v(-6).
2, 11, 19
Suppose -5*c - 4180 = -4*m - 631, -1767 = -2*m + c. List the prime factors of m.
881
Let f(d) be the second derivative of -d**4/12 - 7*d**3/2 + 11*d**2/2 - 7*d. What are the prime factors of f(-14)?
109
Suppose 2*w - 65 = -0*g + g, -135 = -4*w + 3*g. Let s = w + 43. What are the prime factors of s?
73
Let d(f) = 24*f + 906. List the prime factors of d(0).
2, 3, 151
Suppose 5*q + 10*c - 14 = 6*c, -q - 2*c + 4 = 0. Suppose a = -0*a + u + 231, q*a - 458 = u. What are the prime factors of a?
227
Let y(x) = -5*x**2 + 2*x + 6. Let a be y(-3). Let h = a + 129. List the prime factors of h.
2, 3, 7
Let h(l) = l**2 + l - 1. Let j be h(2). Let w be j - 1 - (0 - -3). What are the prime factors of ((-69)/(-12))/(w/4)?
23
Suppose 4*j = -5*r + 17, -r = r - 2. Suppose y - j*d - 34 = 0, 2*y + 3*y + 5*d = 210. What are the prime factors of y?
2, 5
Let u(t) = 22*t**2 - 38*t - 5. What are the prime factors of u(-7)?
13, 103
Let b be 1/(-7) - (-44)/14. Suppose 80 = 4*k - b*z, -2 - 2 = z. List the prime factors of k.
17
Let y(k) = -k**3 + 4*k**2 + 4*k - 4. Let b be -4 - ((-22)/2 - -1). Let u be y(b). Let p = u - -106. List the prime factors of p.
2, 3
Suppose -18*d + 11 = -19*d - 3*g, 0 = -5*d - g - 55. Let h(s) = -1 - 3*s - 3*s + 5*s. List the prime factors of h(d).
2, 5
Suppose -3*m = q - 575, -3*q - 5*m + 1733 = -0*q. List the prime factors of q.
7, 83
Suppose -a = -4*a - 6. Let j be 1/a*(-1 - 7). What are the prime factors of (-5)/((-10)/j)*18?
2, 3
Suppose 0 = -i + 4*a - 19, 3*i + a + 4 = -1. List the prime factors of (-21)/2*(i - (-6)/(-14)).
2, 3
Let a(s) = -s**3 - s + 1. Suppose 5*t + 11 + 9 = 0. Let w be a(t). Let b = w + -31. List the prime factors of b.
2, 19
What are the prime factors of (4/6)/1 - (-433011)/333?
1301
Let l be ((-4384)/14)/4 - 8/(-28). List the prime factors of (-9)/(l/(-396) - (-2)/(-6)).
2, 3, 11
Suppose -30*v + 37*v = 1484. List the prime factors of v.
2, 53
Let t(v) be the second derivative of -v**5/20 - 5*v**4/12 + 3*v**3/2 - 5*v**2 - 13*v. Let g = -2 + -5. What are the prime factors of t(g)?
5
Let l = 301 - 96. Suppose -4*k - 3*o + 909 = 0, -3*k + 482 + l = -3*o. What are the prime factors of k?
2, 3, 19
Let n(v) = v**2 - 12*v - 2. Let h be n(12). Let q be (6/18)/(h/(-18)). List the prime factors of (q/2 + -2)*-22.
11
What are the prime factors of (-10)/10*-150*(-78)/(-4)?
3, 5, 13
Let g(q) = q + 2. Let c be g(-2). Suppose c = 3*a + 3*o - 54, 0 = a + 4*o - 16 - 11. Suppose 0 = -l + a + 1. What are the prime factors of l?
2
Let b be (1/2)/(22/836). Suppose 0 = -b*d + 12*d + 1386. List the prime factors of d.
2, 3, 11
Let z be (-3677)/(-7) - ((-32)/(-14) - 2). Suppose -z = v - 16*v. List the prime factors of v.
5, 7
Let a = 60 - 25. Suppose 0 = 5*w + 2*w - a. What are the prime factors of w?
5
Let m(d) = 6*d - 14. Let a(n) = n**3 - 5*n**2 - 7*n + 9. Let u be a(6). Suppose 3*o - 15 - u = 0. What are the prime factors of m(o)?
2, 11
Let g be 8/(-2) - -1 - -22. Suppose -i + 21 = -r - g, 3*i + r - 128 = 0. What are the prime factors of i?
2, 3, 7
Suppose -2*f - 43 = -5*y + 612, 3*f + 402 = 3*y. Let n = y + -32. What are the prime factors of n?
97
Let b = -1644 - -6143. List the prime factors of b.
11, 409
Suppose 26*b - 7*b = 13680. What are the prime factors of b?
2, 3, 5
Suppose -2*x + 2*r - 12 = 0, 3*x - x = -5*r - 12. Let n = -32 - -20. Let y = x - n. What are the prime factors of y?
2, 3
Suppose 30*k - 34*k = -12. Suppose 435 = k*s - 3*j, -5*s + j = -428 - 317. What are the prime factors of s?
2, 3, 5
Let v be (-9)/1*-1*(-12)/(-36). Suppose 5*r - r = -3*u + 887, -203 = -r + v*u. What are the prime factors of r?
2, 109
Suppose 15200 = 58*h - 133106. List the prime factors of h.
2557
Let y(x) = -x**3 - 24*x**2 - 43*x + 29. What are the prime factors of y(-23)?
3, 163
Suppose 5*f + 4*x - x = 10, 0 = -f + x - 6. Let b = 82 - 86. What are the prime factors of 73*b/(4/f)?
73
Suppose 5*s - 155 = -5*g, -3*g - 32 = -2*s + g. Let i = 12 - s. What are the prime factors of (-798)/(-49) - (-4)/i?
2
Let q(f) = 8*f - 123. List the prime factors of q(35).
157
Let j(g) = g**3 - 12*g**2 + 11*g + 5. Let f = -16 - -27. Suppose -2*z + 11 = -2*s - f, -4*z + 44 = 3*s. What are the prime factors of j(z)?
5
Suppose 5*w = 144*v - 140*v - 10979, -2*w - 2744 = -v. What are the prime factors of v?
2, 1373
Let k(o) be the third derivative of o**5/60 - o**4/8 + 25*o**3/6 - 41*o**2. List the prime factors of k(16).
233
Let g(y) = -y**3 + 17*y**2 - 7*y + 34. List the prime factors of g(14).
2, 131
Let h be 7*(-3 + 6 + -2). Let r = h + -1. What are the prime factors of r/8*(8 + 20)?
3, 7
Let n(o) be the second derivative of o**4/12 - o**3/3 - o**2/2 - o. Let b be n(2). Let x(i) = -13*i. What are the prime factors of x(b)?
13
Let p(l) = -l**3 - 7*l**2 + l + 5. Let q be p(-7). What are the prime factors of 448/6*(-3)/q?
2, 7
Suppose -3*f + 56 = -991. What are the prime factors of f?
349
Let u(n) = 113*n - 16. Let l be u(5). Suppose -13*y = -10*y - l. What are the prime factors of y?
3, 61
Let v(a) = a**3 - 31*a**2 - 39*a 